{"id":2568,"date":"2023-01-24T17:51:31","date_gmt":"2023-01-24T17:51:31","guid":{"rendered":"https:\/\/ton.connectingminds.net\/product\/tartu-2024-bcc-lounakeskus\/"},"modified":"2026-08-19T20:20:56","modified_gmt":"2026-08-19T18:20:56","slug":"tartu-2024-bcc-lounakeskus","status":"publish","type":"product","link":"https:\/\/tonmerckxwielershirts.nl\/fr\/retro-wielershirt\/tartu-2024-bcc-lounakeskus\/","title":{"rendered":"TARTU 2024 (a)-BCC-LOUNAKESKUS 2020 T-SHIRT DE CYCLISME"},"content":{"rendered":"<p>TARTU 2024-BCC-LOUNAKESKUS 2020<\/p>\n<p>Tartu est la deuxi\u00e8me plus grande ville d&#039;Estonie apr\u00e8s Tallin.<\/p>\n<p>En 2024, Tartu, conjointement avec Bad Ischl (Autriche) et Bod\u00f8 (Norv\u00e8ge), sera la capitale europ\u00e9enne de la culture.<\/p>\n<p>Shirt gekregen van ploegleider Rene Mandri.<\/p>","protected":false},"excerpt":{"rendered":"<p>TARTU 2024-BCC-LOUNAKESKUS 2020 Tartu is na Tallin de 2e stad van Estland. In 2024 is Tartu samen met Bad Ischl (Oostenrijk) en Bodo (Noorwegen) de Culturele hoofdstad van Europa. Shirt gekregen van ploegleider Rene Mandri.<\/p>","protected":false},"featured_media":191522,"template":"","meta":[],"product_brand":[],"product_cat":[151],"product_tag":[],"class_list":["post-2568","product","type-product","status-publish","has-post-thumbnail","product_cat-pro-team","first","outofstock","taxable","shipping-taxable","purchasable","product-type-variable"],"yoast_head":"<!-- This site is optimized with the Yoast SEO plugin v28.4 - https:\/\/yoast.com\/product\/yoast-seo-wordpress\/ -->\n<title>TARTU 2024 (a)-BCC-LOUNAKESKUS  2020                          WIELERSHIRT - Ton Merckx Wielershirts - Rondreis door de wereld van wielershirts<\/title>\n<meta name=\"robots\" content=\"index, follow, max-snippet:-1, max-image-preview:large, max-video-preview:-1\" \/>\n<link rel=\"canonical\" href=\"https:\/\/www.ton.connectingminds.net\/en\/retro-cycling-jersey\/tartu-2024-bcc-lounakeskus\/\" \/>\n<meta property=\"og:locale\" content=\"fr_FR\" \/>\n<meta property=\"og:type\" content=\"article\" \/>\n<meta property=\"og:title\" content=\"TARTU 2024 (a)-BCC-LOUNAKESKUS  2020                          WIELERSHIRT - Ton Merckx Wielershirts - Rondreis door de wereld van wielershirts\" \/>\n<meta property=\"og:description\" content=\"TARTU 2024-BCC-LOUNAKESKUS 2020 Tartu is na Tallin de 2e stad van Estland. In 2024 is Tartu samen met Bad Ischl (Oostenrijk) en Bodo (Noorwegen) de Culturele hoofdstad van Europa. Shirt gekregen van ploegleider Rene Mandri.\" \/>\n<meta property=\"og:url\" content=\"https:\/\/www.ton.connectingminds.net\/en\/retro-cycling-jersey\/tartu-2024-bcc-lounakeskus\/\" \/>\n<meta property=\"og:site_name\" content=\"Ton Merckx Wielershirts - Rondreis door de wereld van wielershirts\" \/>\n<meta property=\"article:modified_time\" content=\"2026-08-19T18:20:56+00:00\" \/>\n<meta property=\"og:image\" content=\"https:\/\/www.ton.connectingminds.net\/wp-content\/uploads\/2023\/01\/011-48-scaled.jpg\" \/>\n\t<meta property=\"og:image:width\" content=\"1920\" \/>\n\t<meta property=\"og:image:height\" content=\"2560\" \/>\n\t<meta property=\"og:image:type\" content=\"image\/jpeg\" \/>\n<meta name=\"twitter:card\" content=\"summary_large_image\" \/>\n<meta name=\"twitter:label1\" content=\"Dur\u00e9e de lecture estim\u00e9e\" \/>\n\t<meta name=\"twitter:data1\" content=\"1 minute\" \/>\n<script type=\"application\/ld+json\" class=\"yoast-schema-graph\">{\"@context\":\"https:\\\/\\\/schema.org\",\"@graph\":[{\"@type\":\"WebPage\",\"@id\":\"https:\\\/\\\/www.ton.connectingminds.net\\\/en\\\/retro-cycling-jersey\\\/tartu-2024-bcc-lounakeskus\\\/\",\"url\":\"https:\\\/\\\/www.ton.connectingminds.net\\\/en\\\/retro-cycling-jersey\\\/tartu-2024-bcc-lounakeskus\\\/\",\"name\":\"TARTU 2024 (a)-BCC-LOUNAKESKUS 2020 WIELERSHIRT - Ton Merckx Wielershirts - Rondreis door de wereld van wielershirts\",\"isPartOf\":{\"@id\":\"https:\\\/\\\/www.tonmerckxwielershirts.nl\\\/de\\\/#website\"},\"primaryImageOfPage\":{\"@id\":\"https:\\\/\\\/www.ton.connectingminds.net\\\/en\\\/retro-cycling-jersey\\\/tartu-2024-bcc-lounakeskus\\\/#primaryimage\"},\"image\":{\"@id\":\"https:\\\/\\\/www.ton.connectingminds.net\\\/en\\\/retro-cycling-jersey\\\/tartu-2024-bcc-lounakeskus\\\/#primaryimage\"},\"thumbnailUrl\":\"https:\\\/\\\/tonmerckxwielershirts.nl\\\/wp-content\\\/uploads\\\/2023\\\/01\\\/011-48-scaled.jpg\",\"datePublished\":\"2023-01-24T17:51:31+00:00\",\"dateModified\":\"2026-08-19T18:20:56+00:00\",\"breadcrumb\":{\"@id\":\"https:\\\/\\\/www.ton.connectingminds.net\\\/en\\\/retro-cycling-jersey\\\/tartu-2024-bcc-lounakeskus\\\/#breadcrumb\"},\"inLanguage\":\"fr-FR\",\"potentialAction\":[{\"@type\":\"ReadAction\",\"target\":[\"https:\\\/\\\/www.ton.connectingminds.net\\\/en\\\/retro-cycling-jersey\\\/tartu-2024-bcc-lounakeskus\\\/\"]}]},{\"@type\":\"ImageObject\",\"inLanguage\":\"fr-FR\",\"@id\":\"https:\\\/\\\/www.ton.connectingminds.net\\\/en\\\/retro-cycling-jersey\\\/tartu-2024-bcc-lounakeskus\\\/#primaryimage\",\"url\":\"https:\\\/\\\/tonmerckxwielershirts.nl\\\/wp-content\\\/uploads\\\/2023\\\/01\\\/011-48-scaled.jpg\",\"contentUrl\":\"https:\\\/\\\/tonmerckxwielershirts.nl\\\/wp-content\\\/uploads\\\/2023\\\/01\\\/011-48-scaled.jpg\",\"width\":1920,\"height\":2560,\"caption\":\"TARTU 2024-BCC-LOUNAKESKUS 2020\"},{\"@type\":\"BreadcrumbList\",\"@id\":\"https:\\\/\\\/www.ton.connectingminds.net\\\/en\\\/retro-cycling-jersey\\\/tartu-2024-bcc-lounakeskus\\\/#breadcrumb\",\"itemListElement\":[{\"@type\":\"ListItem\",\"position\":1,\"name\":\"Home\",\"item\":\"https:\\\/\\\/www.tonmerckxwielershirts.nl\\\/de\\\/\"},{\"@type\":\"ListItem\",\"position\":2,\"name\":\"Retro wielershirts\",\"item\":\"https:\\\/\\\/www.tonmerckxwielershirts.nl\\\/de\\\/retro-radtrikots\\\/\"},{\"@type\":\"ListItem\",\"position\":3,\"name\":\"TARTU 2024 (a)-BCC-LOUNAKESKUS 2020 WIELERSHIRT\"}]},{\"@type\":\"WebSite\",\"@id\":\"https:\\\/\\\/www.tonmerckxwielershirts.nl\\\/de\\\/#website\",\"url\":\"https:\\\/\\\/www.tonmerckxwielershirts.nl\\\/de\\\/\",\"name\":\"Ton Merckx Wielershirts - Rondreis door de wereld van wielershirts\",\"description\":\"thousands of original cycling jerseys - order your replica!\",\"publisher\":{\"@id\":\"https:\\\/\\\/www.tonmerckxwielershirts.nl\\\/de\\\/#organization\"},\"potentialAction\":[{\"@type\":\"SearchAction\",\"target\":{\"@type\":\"EntryPoint\",\"urlTemplate\":\"https:\\\/\\\/www.tonmerckxwielershirts.nl\\\/de\\\/?s={search_term_string}\"},\"query-input\":{\"@type\":\"PropertyValueSpecification\",\"valueRequired\":true,\"valueName\":\"search_term_string\"}}],\"inLanguage\":\"fr-FR\"},{\"@type\":\"Organization\",\"@id\":\"https:\\\/\\\/www.tonmerckxwielershirts.nl\\\/de\\\/#organization\",\"name\":\"Ton Merckx Wielershirts - Rondreis door de wereld van wielershirts\",\"url\":\"https:\\\/\\\/www.tonmerckxwielershirts.nl\\\/de\\\/\",\"logo\":{\"@type\":\"ImageObject\",\"inLanguage\":\"fr-FR\",\"@id\":\"https:\\\/\\\/www.tonmerckxwielershirts.nl\\\/de\\\/#\\\/schema\\\/logo\\\/image\\\/\",\"url\":\"https:\\\/\\\/tonmerckxwielershirts.nl\\\/wp-content\\\/uploads\\\/2023\\\/03\\\/ton-merckx-logo.jpg\",\"contentUrl\":\"https:\\\/\\\/tonmerckxwielershirts.nl\\\/wp-content\\\/uploads\\\/2023\\\/03\\\/ton-merckx-logo.jpg\",\"width\":391,\"height\":57,\"caption\":\"Ton Merckx Wielershirts - Rondreis door de wereld van wielershirts\"},\"image\":{\"@id\":\"https:\\\/\\\/www.tonmerckxwielershirts.nl\\\/de\\\/#\\\/schema\\\/logo\\\/image\\\/\"}}]}<\/script>\n<!-- \/ Yoast SEO plugin. -->","yoast_head_json":{"title":"MAILLOT DE CYCLISME TARTU 2024 (a)-BCC-LOUNAKESKUS 2020 - Maillots de cyclisme Ton Merckx - Tour du monde des maillots de cyclisme","robots":{"index":"index","follow":"follow","max-snippet":"max-snippet:-1","max-image-preview":"max-image-preview:large","max-video-preview":"max-video-preview:-1"},"canonical":"https:\/\/www.ton.connectingminds.net\/en\/retro-cycling-jersey\/tartu-2024-bcc-lounakeskus\/","og_locale":"fr_FR","og_type":"article","og_title":"TARTU 2024 (a)-BCC-LOUNAKESKUS  2020                          WIELERSHIRT - Ton Merckx Wielershirts - Rondreis door de wereld van wielershirts","og_description":"TARTU 2024-BCC-LOUNAKESKUS 2020 Tartu is na Tallin de 2e stad van Estland. In 2024 is Tartu samen met Bad Ischl (Oostenrijk) en Bodo (Noorwegen) de Culturele hoofdstad van Europa. Shirt gekregen van ploegleider Rene Mandri.","og_url":"https:\/\/www.ton.connectingminds.net\/en\/retro-cycling-jersey\/tartu-2024-bcc-lounakeskus\/","og_site_name":"Ton Merckx Wielershirts - Rondreis door de wereld van wielershirts","article_modified_time":"2026-08-19T18:20:56+00:00","og_image":[{"width":1920,"height":2560,"url":"https:\/\/www.ton.connectingminds.net\/wp-content\/uploads\/2023\/01\/011-48-scaled.jpg","type":"image\/jpeg"}],"twitter_card":"summary_large_image","twitter_misc":{"Dur\u00e9e de lecture estim\u00e9e":"1 minute"},"schema":{"@context":"https:\/\/schema.org","@graph":[{"@type":"WebPage","@id":"https:\/\/www.ton.connectingminds.net\/en\/retro-cycling-jersey\/tartu-2024-bcc-lounakeskus\/","url":"https:\/\/www.ton.connectingminds.net\/en\/retro-cycling-jersey\/tartu-2024-bcc-lounakeskus\/","name":"MAILLOT DE CYCLISME TARTU 2024 (a)-BCC-LOUNAKESKUS 2020 - Maillots de cyclisme Ton Merckx - Tour du monde des maillots de cyclisme","isPartOf":{"@id":"https:\/\/www.tonmerckxwielershirts.nl\/de\/#website"},"primaryImageOfPage":{"@id":"https:\/\/www.ton.connectingminds.net\/en\/retro-cycling-jersey\/tartu-2024-bcc-lounakeskus\/#primaryimage"},"image":{"@id":"https:\/\/www.ton.connectingminds.net\/en\/retro-cycling-jersey\/tartu-2024-bcc-lounakeskus\/#primaryimage"},"thumbnailUrl":"https:\/\/tonmerckxwielershirts.nl\/wp-content\/uploads\/2023\/01\/011-48-scaled.jpg","datePublished":"2023-01-24T17:51:31+00:00","dateModified":"2026-08-19T18:20:56+00:00","breadcrumb":{"@id":"https:\/\/www.ton.connectingminds.net\/en\/retro-cycling-jersey\/tartu-2024-bcc-lounakeskus\/#breadcrumb"},"inLanguage":"fr-FR","potentialAction":[{"@type":"ReadAction","target":["https:\/\/www.ton.connectingminds.net\/en\/retro-cycling-jersey\/tartu-2024-bcc-lounakeskus\/"]}]},{"@type":"ImageObject","inLanguage":"fr-FR","@id":"https:\/\/www.ton.connectingminds.net\/en\/retro-cycling-jersey\/tartu-2024-bcc-lounakeskus\/#primaryimage","url":"https:\/\/tonmerckxwielershirts.nl\/wp-content\/uploads\/2023\/01\/011-48-scaled.jpg","contentUrl":"https:\/\/tonmerckxwielershirts.nl\/wp-content\/uploads\/2023\/01\/011-48-scaled.jpg","width":1920,"height":2560,"caption":"TARTU 2024-BCC-LOUNAKESKUS 2020"},{"@type":"BreadcrumbList","@id":"https:\/\/www.ton.connectingminds.net\/en\/retro-cycling-jersey\/tartu-2024-bcc-lounakeskus\/#breadcrumb","itemListElement":[{"@type":"ListItem","position":1,"name":"Home","item":"https:\/\/www.tonmerckxwielershirts.nl\/de\/"},{"@type":"ListItem","position":2,"name":"Retro wielershirts","item":"https:\/\/www.tonmerckxwielershirts.nl\/de\/retro-radtrikots\/"},{"@type":"ListItem","position":3,"name":"TARTU 2024 (a)-BCC-LOUNAKESKUS 2020 WIELERSHIRT"}]},{"@type":"WebSite","@id":"https:\/\/www.tonmerckxwielershirts.nl\/de\/#website","url":"https:\/\/www.tonmerckxwielershirts.nl\/de\/","name":"Chemises de cyclisme Ton Merckx - Tour \u00e0 travers le monde des chemises de cyclisme","description":"des milliers de maillots de cyclisme originaux - commandez votre r\u00e9plique !","publisher":{"@id":"https:\/\/www.tonmerckxwielershirts.nl\/de\/#organization"},"potentialAction":[{"@type":"SearchAction","target":{"@type":"EntryPoint","urlTemplate":"https:\/\/www.tonmerckxwielershirts.nl\/de\/?s={search_term_string}"},"query-input":{"@type":"PropertyValueSpecification","valueRequired":true,"valueName":"search_term_string"}}],"inLanguage":"fr-FR"},{"@type":"Organization","@id":"https:\/\/www.tonmerckxwielershirts.nl\/de\/#organization","name":"Chemises de cyclisme Ton Merckx - Tour \u00e0 travers le monde des chemises de cyclisme","url":"https:\/\/www.tonmerckxwielershirts.nl\/de\/","logo":{"@type":"ImageObject","inLanguage":"fr-FR","@id":"https:\/\/www.tonmerckxwielershirts.nl\/de\/#\/schema\/logo\/image\/","url":"https:\/\/tonmerckxwielershirts.nl\/wp-content\/uploads\/2023\/03\/ton-merckx-logo.jpg","contentUrl":"https:\/\/tonmerckxwielershirts.nl\/wp-content\/uploads\/2023\/03\/ton-merckx-logo.jpg","width":391,"height":57,"caption":"Ton Merckx Wielershirts - Rondreis door de wereld van wielershirts"},"image":{"@id":"https:\/\/www.tonmerckxwielershirts.nl\/de\/#\/schema\/logo\/image\/"}}]}},"_links":{"self":[{"href":"https:\/\/tonmerckxwielershirts.nl\/fr\/wp-json\/wp\/v2\/product\/2568","targetHints":{"allow":["GET"]}}],"collection":[{"href":"https:\/\/tonmerckxwielershirts.nl\/fr\/wp-json\/wp\/v2\/product"}],"about":[{"href":"https:\/\/tonmerckxwielershirts.nl\/fr\/wp-json\/wp\/v2\/types\/product"}],"wp:featuredmedia":[{"embeddable":true,"href":"https:\/\/tonmerckxwielershirts.nl\/fr\/wp-json\/wp\/v2\/media\/191522"}],"wp:attachment":[{"href":"https:\/\/tonmerckxwielershirts.nl\/fr\/wp-json\/wp\/v2\/media?parent=2568"}],"wp:term":[{"taxonomy":"product_brand","embeddable":true,"href":"https:\/\/tonmerckxwielershirts.nl\/fr\/wp-json\/wp\/v2\/product_brand?post=2568"},{"taxonomy":"product_cat","embeddable":true,"href":"https:\/\/tonmerckxwielershirts.nl\/fr\/wp-json\/wp\/v2\/product_cat?post=2568"},{"taxonomy":"product_tag","embeddable":true,"href":"https:\/\/tonmerckxwielershirts.nl\/fr\/wp-json\/wp\/v2\/product_tag?post=2568"}],"curies":[{"name":"wp","href":"https:\/\/api.w.org\/{rel}","templated":true}]}}

<p>TARTU 2024-BCC-LOUNAKESKUS 2020</p>
<p>Tartu est la deuxième plus grande ville d&#039;Estonie après Tallin.</p>
<p>En 2024, Tartu, conjointement avec Bad Ischl (Autriche) et Bodø (Norvège), sera la capitale européenne de la culture.</p>
<p>Shirt gekregen van ploegleider Rene Mandri.</p>

<!-- This site is optimized with the Yoast SEO plugin v28.4 - https://yoast.com/product/yoast-seo-wordpress/ -->
<title>TARTU 2024 (a)-BCC-LOUNAKESKUS  2020                          WIELERSHIRT - Ton Merckx Wielershirts - Rondreis door de wereld van wielershirts</title>
<meta name="robots" content="index, follow, max-snippet:-1, max-image-preview:large, max-video-preview:-1" />
<link rel="canonical" href="https://www.ton.connectingminds.net/en/retro-cycling-jersey/tartu-2024-bcc-lounakeskus/" />
<meta property="og:locale" content="fr_FR" />
<meta property="og:type" content="article" />
<meta property="og:title" content="TARTU 2024 (a)-BCC-LOUNAKESKUS  2020                          WIELERSHIRT - Ton Merckx Wielershirts - Rondreis door de wereld van wielershirts" />
<meta property="og:description" content="TARTU 2024-BCC-LOUNAKESKUS 2020 Tartu is na Tallin de 2e stad van Estland. In 2024 is Tartu samen met Bad Ischl (Oostenrijk) en Bodo (Noorwegen) de Culturele hoofdstad van Europa. Shirt gekregen van ploegleider Rene Mandri." />
<meta property="og:url" content="https://www.ton.connectingminds.net/en/retro-cycling-jersey/tartu-2024-bcc-lounakeskus/" />
<meta property="og:site_name" content="Ton Merckx Wielershirts - Rondreis door de wereld van wielershirts" />
<meta property="article:modified_time" content="2026-08-19T18:20:56+00:00" />
<meta property="og:image" content="https://www.ton.connectingminds.net/wp-content/uploads/2023/01/011-48-scaled.jpg" />
	<meta property="og:image:width" content="1920" />
	<meta property="og:image:height" content="2560" />
	<meta property="og:image:type" content="image/jpeg" />
<meta name="twitter:card" content="summary_large_image" />
<meta name="twitter:label1" content="Durée de lecture estimée" />
	<meta name="twitter:data1" content="1 minute" />
<script type="application/ld+json" class="yoast-schema-graph">{"@context":"https:\/\/schema.org","@graph":[{"@type":"WebPage","@id":"https:\/\/www.ton.connectingminds.net\/en\/retro-cycling-jersey\/tartu-2024-bcc-lounakeskus\/","url":"https:\/\/www.ton.connectingminds.net\/en\/retro-cycling-jersey\/tartu-2024-bcc-lounakeskus\/","name":"TARTU 2024 (a)-BCC-LOUNAKESKUS 2020 WIELERSHIRT - Ton Merckx Wielershirts - Rondreis door de wereld van wielershirts","isPartOf":{"@id":"https:\/\/www.tonmerckxwielershirts.nl\/de\/#website"},"primaryImageOfPage":{"@id":"https:\/\/www.ton.connectingminds.net\/en\/retro-cycling-jersey\/tartu-2024-bcc-lounakeskus\/#primaryimage"},"image":{"@id":"https:\/\/www.ton.connectingminds.net\/en\/retro-cycling-jersey\/tartu-2024-bcc-lounakeskus\/#primaryimage"},"thumbnailUrl":"https:\/\/tonmerckxwielershirts.nl\/wp-content\/uploads\/2023\/01\/011-48-scaled.jpg","datePublished":"2023-01-24T17:51:31+00:00","dateModified":"2026-08-19T18:20:56+00:00","breadcrumb":{"@id":"https:\/\/www.ton.connectingminds.net\/en\/retro-cycling-jersey\/tartu-2024-bcc-lounakeskus\/#breadcrumb"},"inLanguage":"fr-FR","potentialAction":[{"@type":"ReadAction","target":["https:\/\/www.ton.connectingminds.net\/en\/retro-cycling-jersey\/tartu-2024-bcc-lounakeskus\/"]}]},{"@type":"ImageObject","inLanguage":"fr-FR","@id":"https:\/\/www.ton.connectingminds.net\/en\/retro-cycling-jersey\/tartu-2024-bcc-lounakeskus\/#primaryimage","url":"https:\/\/tonmerckxwielershirts.nl\/wp-content\/uploads\/2023\/01\/011-48-scaled.jpg","contentUrl":"https:\/\/tonmerckxwielershirts.nl\/wp-content\/uploads\/2023\/01\/011-48-scaled.jpg","width":1920,"height":2560,"caption":"TARTU 2024-BCC-LOUNAKESKUS 2020"},{"@type":"BreadcrumbList","@id":"https:\/\/www.ton.connectingminds.net\/en\/retro-cycling-jersey\/tartu-2024-bcc-lounakeskus\/#breadcrumb","itemListElement":[{"@type":"ListItem","position":1,"name":"Home","item":"https:\/\/www.tonmerckxwielershirts.nl\/de\/"},{"@type":"ListItem","position":2,"name":"Retro wielershirts","item":"https:\/\/www.tonmerckxwielershirts.nl\/de\/retro-radtrikots\/"},{"@type":"ListItem","position":3,"name":"TARTU 2024 (a)-BCC-LOUNAKESKUS 2020 WIELERSHIRT"}]},{"@type":"WebSite","@id":"https:\/\/www.tonmerckxwielershirts.nl\/de\/#website","url":"https:\/\/www.tonmerckxwielershirts.nl\/de\/","name":"Ton Merckx Wielershirts - Rondreis door de wereld van wielershirts","description":"thousands of original cycling jerseys - order your replica!","publisher":{"@id":"https:\/\/www.tonmerckxwielershirts.nl\/de\/#organization"},"potentialAction":[{"@type":"SearchAction","target":{"@type":"EntryPoint","urlTemplate":"https:\/\/www.tonmerckxwielershirts.nl\/de\/?s={search_term_string}"},"query-input":{"@type":"PropertyValueSpecification","valueRequired":true,"valueName":"search_term_string"}}],"inLanguage":"fr-FR"},{"@type":"Organization","@id":"https:\/\/www.tonmerckxwielershirts.nl\/de\/#organization","name":"Ton Merckx Wielershirts - Rondreis door de wereld van wielershirts","url":"https:\/\/www.tonmerckxwielershirts.nl\/de\/","logo":{"@type":"ImageObject","inLanguage":"fr-FR","@id":"https:\/\/www.tonmerckxwielershirts.nl\/de\/#\/schema\/logo\/image\/","url":"https:\/\/tonmerckxwielershirts.nl\/wp-content\/uploads\/2023\/03\/ton-merckx-logo.jpg","contentUrl":"https:\/\/tonmerckxwielershirts.nl\/wp-content\/uploads\/2023\/03\/ton-merckx-logo.jpg","width":391,"height":57,"caption":"Ton Merckx Wielershirts - Rondreis door de wereld van wielershirts"},"image":{"@id":"https:\/\/www.tonmerckxwielershirts.nl\/de\/#\/schema\/logo\/image\/"}}]}</script>
<!-- / Yoast SEO plugin. -->

Chemises de cyclisme Ton Merckx - Tour à travers le monde des chemises de cyclisme

des milliers de maillots de cyclisme originaux - commandez votre réplique !
